{"id":4502,"date":"2012-05-14T21:14:05","date_gmt":"2012-05-14T21:14:05","guid":{"rendered":"http:\/\/editura-virtuala.ro\/editura\/?page_id=1462"},"modified":"2017-04-16T06:42:05","modified_gmt":"2017-04-16T06:42:05","slug":"modificari-pre-si-post-productie","status":"publish","type":"page","link":"https:\/\/edituravirtuala.ro\/editura\/modificari-pre-si-post-productie\/","title":{"rendered":"Modific\u0103ri pre \u0219i post-produc\u021bie"},"content":{"rendered":"<div id=\"gt-res-wrap\" style=\"text-align: justify;\">\n<div id=\"gt-res-content\">\n<div dir=\"ltr\">\n<p style=\"text-align: justify;\">Dac\u0103 solicita\u021bi servicii individuale specifice procesului de publicare a unei c\u0103r\u021bi, atunci trebuie s\u0103 \u0219ti\u021bi c\u0103 depunerea formei finale a textului pentru produc\u021bia c\u0103r\u021bii la \u00eenceputul procesului de publicare este o solicitare expres\u0103. Efectuarea de modific\u0103ri\u00a0editoriale\u00a0sau\u00a0de con\u021binut \u00eenseamn\u0103 timp de produc\u021bie \u0219i costuri suplimentare.\u00a0V\u0103 \u00eencuraj\u0103m\u00a0s\u0103 redacta\u021bi profesional cartea dvs. \u00eenainte de \u00eenceperea procesului de produc\u021bie. Pentru redactare profesional\u0103 v\u0103 recomand\u0103m serviciul nostru de <a href=\"http:\/\/edituravirtuala.ro\/editura\/servicii-2\/corectura-redactare-si-stilizare\/\">Redactare<\/a>.<br \/>\nChiar \u0219i \u00een cazul redact\u0103rilor profesionale,\u00a0pot exista situa\u021bii \u00een care sunt necesare anumite modific\u0103ri neprev\u0103zute.\u00a0Pentru a\u00a0ad\u0103uga\u00a0flexibilitate procesului de publicare prin Editura Virtual\u0103, v\u0103 oferim <strong>Serviciul de modificare pre \u0219i post-produc\u021bie.<\/strong><\/p>\n<p style=\"text-align: justify;\"><strong>Modific\u0103ri pre-produc\u021bie<\/strong><br \/>\nO modificare pre-produc\u021bie \u00eenseamn\u0103 alterarea textului \u00een timp ce\u00a0cartea\u00a0dvs. este \u00eenc\u0103\u00a0\u00een produc\u021bie\u00a0\u00eenainte de bunul de tipar.\u00a0G\u00e2ndi\u021bi-v\u0103 la aceast\u0103 situa\u021bie ca o interven\u021bie minor\u0103, cum ar fi gre\u0219eli de liter\u0103, cuv\u00e2nt lips\u0103, un semn de punctua\u021bie gre\u0219it \u0219i a\u0219a mai departe.<\/p>\n<p style=\"text-align: justify;\"><strong>Editura Virtual\u0103 face aceste modific\u0103ri gratuit, dac\u0103 pachetul achizi\u021bionat \u00eenclude serviciul de Corectur\u0103\/Redactare sau dac\u0103 a\u021bi achizi\u021bionat serviciul de Corectur\u0103\/Redactare separat<\/strong>.<\/p>\n<p style=\"text-align: justify;\">Pentru \u00eenterven\u021biile \u00een afara acestor servicii, <strong>Editura Virtual\u0103<\/strong> v\u0103 ofer\u0103 prima interven\u021bie gratuit (maxim 10 modific\u0103ri simultane). Fiecare interven\u021bie ulterioar\u0103 asupra textului (de maxim 10 modific\u0103ri simultane) presupune un cost de 7.99\u20ac lei per interven\u021bie.<\/p>\n<p style=\"text-align: justify;\"><strong>Modific\u0103ri post-produc\u021bie<\/strong><br \/>\nO modificare post-produc\u021bie \u00eenseamn\u0103 alterarea textului dup\u0103 ce produc\u021bia c\u0103r\u021bii a fost \u00eencheiat\u0103 \u0219i dvs. a\u021bi furnizat bunul de tipar, dar \u00eenainte ca aceasta s\u0103 fi fost tip\u0103rit\u0103 sau s\u0103 fi fost distribuit\u0103 pentru v\u00e2nzare (varianta electronic\u0103).<\/p>\n<p style=\"text-align: justify;\">Pentru modific\u0103ri mici, care nu necesit\u0103 tehnoredactare (reformulare de propozi\u021bie, \u00eenlocuire de termeni, actualizarea unei date sau modificarea unui nume etc.) &#8211; dar nu mai mult de 10 modific\u0103ri simultan, costul interven\u021biei este de 14.99\u20ac.<\/p>\n<p style=\"text-align: justify;\">Dac\u0103 este vorba de o interven\u021bie de substan\u021b\u0103 (introducerea unor paragrafe, inversarea ordinii capitolelor, renun\u021barea la o parte din text, modificare de layout copert\u0103 etc.), costul interven\u021biei se reflect\u0103 astfel:<\/p>\n<ul>\n<li>costul fix de 20\u20ac, plus o tax\u0103 variabil\u0103 (\u00eentre 5 \u0219i 20\u20ac) de repaginare, \u00een func\u021bie de c\u00e2t de mult se altereaz\u0103 paginarea, dac\u0103 este vorba de con\u021binut.<\/li>\n<li>costul fix de 15\u20ac, plus o tax\u0103 variabil\u0103 (\u00eentre 5 \u0219i 25\u20ac) de reformatare, dac\u0103 este vorba de copert\u0103.<\/li>\n<li>include retrimiterea fi\u0219ierului martor care s\u0103 reflecte aceste modific\u0103ri, pentru acordarea bunului de tipar.<\/li>\n<\/ul>\n<p style=\"text-align: justify;\"><strong>Modific\u0103ri post-publicare<\/strong><\/p>\n<div>\n<p style=\"text-align: justify;\">Cartea dvs. exist\u0103 \u00een format electronic, a\u0219a c\u0103 \u00eei pute\u021bi modifica sau actualiza con\u021binutul chiar \u0219i dup\u0103 ce a fost publicat\u0103. Astfel, dac\u0103 ave\u021bi informa\u021bii noi sau detalii de modificat, pute\u021bi interveni asupra c\u0103r\u021bii. Costul acestor interven\u021bii se calculeaz\u0103 \u00een func\u021bie de modific\u0103rile dorite \u0219i vor face parte dintr-o \u00een\u021belegere financiar\u0103 ulterioar\u0103. \u021aine\u021bi cont de faptul c\u0103 orice modificare post-produc\u021bie presupune suspendarea c\u0103r\u021bii dvs. de pe diferitele canale de distribu\u021bie (online sau offline) \u0219i \u00eenlocuirea acesteia cu forma nou\u0103. Acest lucru presupune o perioad\u0103 de timp \u00een care cartea nu este disponibil\u0103 pentru v\u00e2nzare.<\/p>\n<p style=\"text-align: justify;\">IMPORTANT: Modific\u0103rile post-publicare, \u00een cazul c\u0103r\u021bilor tip\u0103rite, dac\u0103 sunt consistente, \u00eenseamn\u0103 o alt\u0103 edi\u021bie. \u00cen acest caz, dac\u0103 dori\u021bi retip\u0103rirea, presupune alocarea unui alt ISBN \u0219i a unei descrieri CIP.<\/p>\n<\/div>\n<\/div>\n<\/div>\n<\/div>\n","protected":false},"excerpt":{"rendered":"<p>Dac\u0103 solicita\u021bi servicii individuale specifice procesului de publicare a unei c\u0103r\u021bi, atunci trebuie s\u0103 \u0219ti\u021bi c\u0103 depunerea formei finale a textului pentru produc\u021bia c\u0103r\u021bii la \u00eenceputul procesului de publicare este o solicitare expres\u0103. Efectuarea de modific\u0103ri\u00a0editoriale\u00a0sau\u00a0de con\u021binut \u00eenseamn\u0103 timp de produc\u021bie \u0219i costuri suplimentare.\u00a0V\u0103 \u00eencuraj\u0103m\u00a0s\u0103 redacta\u021bi profesional cartea dvs. \u00eenainte de \u00eenceperea procesului de produc\u021bie.<\/p>\n","protected":false},"author":2,"featured_media":0,"parent":0,"menu_order":0,"comment_status":"closed","ping_status":"open","template":"","meta":{"footnotes":""},"class_list":["post-4502","page","type-page","status-publish","hentry"],"zion_builder_status":false,"_links":{"self":[{"href":"https:\/\/edituravirtuala.ro\/editura\/wp-json\/wp\/v2\/pages\/4502","targetHints":{"allow":["GET"]}}],"collection":[{"href":"https:\/\/edituravirtuala.ro\/editura\/wp-json\/wp\/v2\/pages"}],"about":[{"href":"https:\/\/edituravirtuala.ro\/editura\/wp-json\/wp\/v2\/types\/page"}],"author":[{"embeddable":true,"href":"https:\/\/edituravirtuala.ro\/editura\/wp-json\/wp\/v2\/users\/2"}],"replies":[{"embeddable":true,"href":"https:\/\/edituravirtuala.ro\/editura\/wp-json\/wp\/v2\/comments?post=4502"}],"version-history":[{"count":0,"href":"https:\/\/edituravirtuala.ro\/editura\/wp-json\/wp\/v2\/pages\/4502\/revisions"}],"wp:attachment":[{"href":"https:\/\/edituravirtuala.ro\/editura\/wp-json\/wp\/v2\/media?parent=4502"}],"curies":[{"name":"wp","href":"https:\/\/api.w.org\/{rel}","templated":true}]}}